2 + l. Let g(z) = 3*p(z) + u(z). Let r = -2559 + 2563. What is the units digit of g(r)?
3
Let m(k) = -1042*k - 1. Let b be m(-1). Suppose -1110 = -3*r + b. What is the tens digit of r?
1
Let s be (78/(-5))/(6/(-15)). Suppose 28675 = s*k - 2*k. What is the tens digit of k?
7
Let g(s) be the first derivative of -s**2/2 - 15*s + 29. Let k be g(-18). What is the units digit of ((-55)/(-15) - k)*21?
4
Suppose 98760 = 117*a - 105*a. What is the units digit of a?
0
Suppose 17 = 60*p - 43. Suppose 2*a - 12 = m - 5*m, 5*m = -a + 21. What is the tens digit of p + 75 - (m - (-2 + 4))?
7
Suppose -2*o + 42 = -3*f - 156, f = -2. Let g = o + 86. What is the tens digit of g?
8
Let o(p) = 12*p**2 - 18*p + 97. Let m be o(7). Let b = -232 + m. What is the tens digit of b?
2
Let y = 2567 + 4442. What is the tens digit of y?
0
Let t(b) = 8*b + 5. Let y be t(7). Let k = y + 123. What is the tens digit of k?
8
Suppose 5*h + 153 - 1508 = 0. Let m = 3200 - 3198. Suppose h = m*l + 3*q, -4*q - 134 = -l - 5*q. What is the hundreds digit of l?
1
Let l(m) be the second derivative of 0 + 1/2*m**3 + 17*m - 4*m**2. What is the units digit of l(6)?
0
Let y(f) = f**2 + 9 + 1 - 2 + 5*f. Let g be y(-4). Suppose -2*p + 5*u = -57, g*u = 2*p + p - 75. What is the units digit of p?
1
Let x be (8 + (-6 - 4))*-1*2. Suppose -2520 = -x*t + 364. What is the hundreds digit of t?
7
Let s = -164 - -168. Suppose -s*d + 1323 = -d. What is the hundreds digit of d?
4
What is the units digit of (-1*147)/(12*(-21)/9072)?
2
Let z = 32 - -80. Let t = z - -354. What is the tens digit of t?
6
Let h(r) = -236*r + 854. What is the hundreds digit of h(-17)?
8
Let o be (4 - 42/9)/((-4)/6). Let z = o - 1. Suppose z = -2*l - l - 3*d + 81, 0 = 5*d - 15. What is the units digit of l?
4
Let y(g) = 89*g**2 - 87*g + 422. What is the units digit of y(11)?
4
Suppose -m + 59315 = 7*m + 21099. What is the tens digit of m?
7
Let y(h) = h**3 + 6*h**2 - 7*h + 3. Let x be y(-7). Suppose 21*p - 22 = 230. What is the units digit of -2*214*-1*x/p?
7
Let j(v) = -2*v**2 - 59*v - 19. Let u be j(-29). Suppose -u*m + 15*m - 3976 = -3*l, -5*l = -5*m - 6640. What is the thousands digit of l?
1
Let d(h) = h**2 + 1020*h - 510*h + 10 - 2 - 507*h. Let g be (-8)/12 + 74/(-6). What is the hundreds digit of d(g)?
1
Let w(b) = -b**3 + 10*b**2 - 18*b + 16. Let f be w(8). Suppose 5*c + 3 = -2, -o + 5*c + 473 = f. Suppose 21*g + o = 25*g. What is the tens digit of g?
1
Let z(n) = -2*n**3 + 145*n**2 - 141*n - 9. What is the units digit of z(71)?
3
Let n(l) = l**3 - 5*l**2 + 3*l + 9. Let v be n(4). Suppose 532 = 2*j + 2*t, -v*j + 1309 = -5*t + 3*t. What is the tens digit of j?
6
Let f(a) = a**2 + 5*a - 14. Let o = -39 + 44. Let b be (4/o)/(4/(-60)). What is the units digit of f(b)?
0
What is the units digit of -13 - -1869 - 8 - 13?
5
Let u = 6193 + -2667. What is the hundreds digit of u?
5
Suppose 0 = q - 4*q + 12. Let k(v) = v**3 + 2*v**2 + 2*v. Let p(c) = 6*c**3 + 11*c**2 + 10*c - 1. Let d(l) = -11*k(l) + 2*p(l). What is the units digit of d(q)?
4
Let q = -3864 - -10452. What is the units digit of q?
8
Suppose 3*b - c - 17 + 0 = 0, -3*c + 5 = 5*b. Suppose 8*j + 2*i = 4*j + 1738, b*j - 1729 = -5*i. What is the hundreds digit of j?
4
Let g(h) = 7*h - 35. Let l be g(11). Suppose -45*z + 252 = -l*z. Suppose -2*u + z = u. What is the tens digit of u?
2
Suppose 2*s - 240 = 346. Suppose 5*y = v + 4*y + 180, y - 1060 = 6*v. Let p = s + v. What is the units digit of p?
7
Suppose 38*j = -33*j + 522986. What is the units digit of j?
6
Let w(r) = -2*r + 47. Let p be w(22). Let g be p + -2 + 1 + -2. What is the tens digit of g + -1 + 110/2?
5
Let y(v) be the first derivative of -2 + 12 + 15*v + 3 - 4*v**2 - 2. What is the units digit of y(-10)?
5
Let s(w) be the first derivative of -w**2/2 + 6*w + 3. Let p be s(6). Suppose -2*q + 8 = -p*q. What is the units digit of q?
4
What is the hundreds digit of 441096/87 + 160/(-2320)?
0
Let y(s) = 347 + 294 + 7*s - 678. What is the units digit of y(8)?
9
Let s = -3047 + 10649. What is the hundreds digit of s?
6
Let d be ((-24)/60)/(-1*(-2)/(-30)). What is the tens digit of (-36)/(-16)*160/d?
6
Suppose 2*x - x - 4*g = 24715, 2*x + 3*g = 49397. What is the tens digit of x?
0
Suppose -4*z + 6 = -2*j, 5*z + 30*j - 33*j - 7 = 0. What is the tens digit of 564 + 8 + (-2)/4*z?
7
Suppose -8*h + 11*h + 26128 = 4*w, -3*w - 5*h + 19567 = 0. What is the hundreds digit of w?
5
Let r be ((-20)/(-15))/(2/3). Suppose 0 = 3*d + 2*z - 26, 0*z = -d - 2*z + 6. Suppose -r*g + 1656 = d*g. What is the tens digit of g?
3
Let b(t) = -t**3 + 7*t**2 + 8*t - 12. Let s be b(8). What is the tens digit of (-27850)/(-30) + (-8)/s?
2
What is the units digit of 6*14/((-140)/(-46915))?
9
Let z be ((-66)/(-15) - 5)/(1/(-15)). Let f = 21 - z. What is the units digit of f/(-42)*((-3)/3 - 6)?
2
Let a = 745 - 349. What is the units digit of a/(-45)*(-98 + 3)?
6
Let b(q) = q**3 - q**2 + 3*q - 3. Suppose 2*i - 6*i + 76 = 0. Suppose i - 3 = 4*a. What is the units digit of b(a)?
7
Let o = -886 - -1391. Let k = o - 220. Suppose -c - k = -3*j, j - 5 = -5*c + 106. What is the tens digit of j?
9
Let s = 55 + -35. Let r = s - -20. Suppose -r*b = -37*b - 381. What is the tens digit of b?
2
What is the hundreds digit of ((-2358)/(-90))/((-2)/(-10))*39*1?
1
Let y(w) = 7*w**2. Let t be y(1). Suppose -2*u - 5*b + 56 = -2*b, -u - 5*b = -42. Let q = t + u. What is the tens digit of q?
2
Let a = 30 + -20. Let c(y) = y**3 - 9*y**2 + 10*y - 23. Let s be c(a). Suppose 0 = -2*j - 2*f - f + s, 0 = -3*j + 3*f + 243. What is the units digit of j?
4
Suppose 8 + 2 = 2*k. Suppose -5 = k*p - 30. Suppose p*m - 264 - 441 = 0. What is the units digit of m?
1
Let h = 4815 - 256. What is the hundreds digit of h?
5
Suppose 1061*u - 875*u = 1435734. What is the tens digit of u?
1
Suppose -2*l + 2*n = 2, 0 = -n - 1 + 4. Suppose 3*t - 284 = -5*x, 0 = l*t + 2*t + 2*x - 388. What is the units digit of t?
8
Suppose -2*k + 3*k - 196 = s, -s - 3 = 0. Suppose k = 2*a - 55. What is the hundreds digit of a?
1
Let x = 152 - 157. What is the tens digit of x + 325 + 6 + -5?
2
Let w(f) = f**3 - 13*f**2 - 15*f - 103. What is the units digit of w(15)?
2
What is the units digit of 17/(8*15/77160)?
1
Let i be 2*17 + (-40)/(-20). Suppose i = 7*g - 11*g. Let l(s) = s**3 + 12*s**2 + 12*s - 7. What is the tens digit of l(g)?
2
Let c(a) = -6 - 3 + 101*a - 24 - 122*a - a**2. Let q be c(-19). Suppose -4*w = -q*o + 633, 0*w = -2*o + w + 252. What is the tens digit of o?
2
What is the ten thousands digit of (-16)/20*10149300/(-280)?
2
Suppose -4*z + 2329 = 3*i - 0*i, 5*z - 758 = -i. Suppose 0 = -8*t + i + 1257. What is the units digit of t?
5
Let y = 351 + -342. Suppose 4926 - 525 = y*q. What is the units digit of q?
9
Suppose 4*l - 331*c = -326*c + 54650, 40989 = 3*l - 3*c. What is the ten thousands digit of l?
1
Let d(t) = 742*t**2 + 33*t - 87. What is the tens digit of d(4)?
1
Suppose -96*u + 84*u - 60 = 0. Let s(b) = -183*b - 99. What is the units digit of s(u)?
6
Let c be (-8 - -10)*1/((-2)/(-527)). What is the tens digit of c + (39/(-3) - -8)?
2
Let w(x) = 81*x**2 - 4*x + 16. Let k = -437 + 440. What is the units digit of w(k)?
3
What is the units digit of (86/4)/(399/959196)?
6
Let s be 5 - (2 - -2) - -1. Suppose -h - 8516 = -3*v + 3*h, -s*v + 5700 = 3*h. What is the tens digit of v/33 - (-12)/(-66)?
8
Let y(a) = -a**3 - 9*a**2 + 12*a + 142. What is the hundreds digit of y(-17)?
2
Suppose 42*c = -184 - 236. What is the tens digit of 87 - (c + 5/((-5)/(-5)))?
9
Suppose -2*q - 10 = 0, 2*r - 38*q = -39*q + 32231. What is the thousands digit of r?
6
Suppose -4*g - 360 + 80 = 0. Suppose 2*z + 221 = -47. Let l = g - z. What is the units digit of l?
4
Let o(z) = 62*z - 50. Let g(p) = -32*p + 25. Let b(w) = -5*g(w) - 2*o(w). What is the hundreds digit of b(10)?
3
Suppose 0*f = r - 3*f + 12, -11 = -2*r - f. Suppose m - 2060 = -r*m. Suppose -5*v + 1695 - m = 0. What is the units digit of v?
6
Let h = 2 + -17. Let m be (-16)/(-6)*h/(-20). Suppose 2*o + 4*y - 292 = -2*o, -m*o + 4*y + 140 = 0. What is the units digit of o?
2
Let o = -78 + 81. Suppose -o*z = j - 163, -2*j + 5*z + 97 = -207. What is the tens digit of j?
5
Let b(u) = -u**3 + 10*u**2 - 8*u - 5. Let p be b(9). What is the hundreds digit of 6/p + (20482/